{"id":136,"date":"2018-09-04T22:47:14","date_gmt":"2018-09-04T22:47:14","guid":{"rendered":"https:\/\/journalismus-und-mehr.com\/2punkt0\/?page_id=136"},"modified":"2020-10-05T10:11:02","modified_gmt":"2020-10-05T10:11:02","slug":"honorar","status":"publish","type":"page","link":"https:\/\/journalismus-und-mehr.com\/2punkt0\/?page_id=136","title":{"rendered":"Honorar"},"content":{"rendered":"<div>Alle Auftr\u00e4ge werden schriftlich fixiert.<\/div>\n<div><\/div>\n<div><\/div>\n<div class=\"buchbox\"><span style=\"font-size: 14pt;\"><strong>Lektorat:<\/strong><\/span><\/div>\n<div class=\"buchbox\">Der Preis variiert nach Aufwand und beginnt bei 4,40 \u20ac pro Normseite (1500 Zeichen incl. Leerzeichen). Ebenso kann nach Stunden (50 \u20ac\/Std.) abgerechnet werden.<br \/>\nOder wir vereinbaren eine Pauschale.<br \/>\nWenn ich die ersten zehn Seiten Ihres Manuskripts durchgesehen habe, erstelle ich ein Angebot (vier Wochen g\u00fcltig). Die vertragliche Vereinbarung zielt auf gr\u00f6\u00dftm\u00f6gliche Transparenz und Verl\u00e4sslichkeit. Ausdruck, Schl\u00fcssigkeit, Spannungsbogen, Lesefreundlichkeit und Grammatik nehme ich unter die Lupe. Das Auge eines Korrektors\/einer Korrektorin ist dennoch nicht \u00fcberfl\u00fcssig.<br \/>\nBuch-PR ist ein wichtiges EXTRA:\u00a0 Ich helfe beim Verfassen von Klappentexten, Waschzetteln u. a.<\/div>\n<div><\/div>\n<div class=\"buchbox\"><strong>Pressemitteilungen (nur Text):<\/strong><\/div>\n<div><\/div>\n<div class=\"buchbox\">Der Preis h\u00e4ngt von dem Material ab, das zur Verf\u00fcgung steht, und bewegt sich zwischen 200 und 240 \u20ac.<\/div>\n<div><\/div>\n<div class=\"buchbox\">\n<p><strong>Biografie<\/strong> &#8211;\u00a0 Jede\/r geht anders vor:<\/p>\n<ul style=\"list-style-type: circle;\">\n<li>einzelne Lebensskizzen \/ Erinnerungen aufzeichnen (Tonband) und sp\u00e4ter entscheiden, was wegzulassen ist und welche Zusatzrecherchen zur Abrundung n\u00f6tig sind.<\/li>\n<li>oder lediglich drei oder vier Kapitel pro Jahr erarbeiten (wachsende Memoiren)<\/li>\n<li>Alles von A bis Z \u2013 egal, ob es 13 oder 31 Kapitel werden.<\/li>\n<\/ul>\n<p><strong>Sachb\u00fccher:<\/strong><\/p>\n<p>Sie entstehen gleicherma\u00dfen nach individuellen W\u00fcnschen und Voraussetzungen.<\/p>\n<p><strong>Schreib-Coaching, Manuskriptberatung, kleine Online-Gruppen:<\/strong><\/p>\n<p><span style=\"font-weight: 400;\">Als Schreibwerkst\u00e4ttenleiterin habe ich schon manchen inneren Zensor in Urlaub geschickt, damit sich der Schreibfluss frei und freudvoll entfalten kann. Das Honorar wird individuell vereinbart.<\/span><\/p>\n<p>Am besten wir sprechen schnellstm\u00f6glich \u00fcber Ihre W\u00fcnsche!<br \/>\nRufen Sie an &gt; 0711\/363 363 oder schreiben Sie eine Mail (<a class=\"ci-mail\" title=\"info@memoreporting.com\" href=\"mailto:info@memoreporting.com\">info@memoreporting.com<\/a>)<\/p>\n<p><strong>Mindest-Auftragswert: 35 \u20ac <\/strong><\/p>\n<\/div>\n","protected":false},"excerpt":{"rendered":"<p>Alle Auftr\u00e4ge werden schriftlich fixiert. Lektorat: Der Preis variiert nach Aufwand und beginnt bei 4,40 \u20ac pro Normseite (1500 Zeichen incl. Leerzeichen). Ebenso kann nach Stunden (50 \u20ac\/Std.) abgerechnet werden. Oder wir vereinbaren eine Pauschale. Wenn ich die ersten zehn Seiten Ihres Manuskripts durchgesehen habe, erstelle ich ein Angebot (vier Wochen g\u00fcltig). Die vertragliche Vereinbarung [&hellip;]<\/p>\n","protected":false},"author":1,"featured_media":0,"parent":0,"menu_order":0,"comment_status":"closed","ping_status":"closed","template":"","meta":{"footnotes":""},"class_list":["post-136","page","type-page","status-publish","czr-hentry"],"_links":{"self":[{"href":"https:\/\/journalismus-und-mehr.com\/2punkt0\/index.php?rest_route=\/wp\/v2\/pages\/136","targetHints":{"allow":["GET"]}}],"collection":[{"href":"https:\/\/journalismus-und-mehr.com\/2punkt0\/index.php?rest_route=\/wp\/v2\/pages"}],"about":[{"href":"https:\/\/journalismus-und-mehr.com\/2punkt0\/index.php?rest_route=\/wp\/v2\/types\/page"}],"author":[{"embeddable":true,"href":"https:\/\/journalismus-und-mehr.com\/2punkt0\/index.php?rest_route=\/wp\/v2\/users\/1"}],"replies":[{"embeddable":true,"href":"https:\/\/journalismus-und-mehr.com\/2punkt0\/index.php?rest_route=%2Fwp%2Fv2%2Fcomments&post=136"}],"version-history":[{"count":36,"href":"https:\/\/journalismus-und-mehr.com\/2punkt0\/index.php?rest_route=\/wp\/v2\/pages\/136\/revisions"}],"predecessor-version":[{"id":866,"href":"https:\/\/journalismus-und-mehr.com\/2punkt0\/index.php?rest_route=\/wp\/v2\/pages\/136\/revisions\/866"}],"wp:attachment":[{"href":"https:\/\/journalismus-und-mehr.com\/2punkt0\/index.php?rest_route=%2Fwp%2Fv2%2Fmedia&parent=136"}],"curies":[{"name":"wp","href":"https:\/\/api.w.org\/{rel}","templated":true}]}}

<div>Alle Aufträge werden schriftlich fixiert.</div>
<div></div>
<div></div>
<div class="buchbox"><span style="font-size: 14pt;"><strong>Lektorat:</strong></span></div>
<div class="buchbox">Der Preis variiert nach Aufwand und beginnt bei 4,40 € pro Normseite (1500 Zeichen incl. Leerzeichen). Ebenso kann nach Stunden (50 €/Std.) abgerechnet werden.<br />
Oder wir vereinbaren eine Pauschale.<br />
Wenn ich die ersten zehn Seiten Ihres Manuskripts durchgesehen habe, erstelle ich ein Angebot (vier Wochen gültig). Die vertragliche Vereinbarung zielt auf größtmögliche Transparenz und Verlässlichkeit. Ausdruck, Schlüssigkeit, Spannungsbogen, Lesefreundlichkeit und Grammatik nehme ich unter die Lupe. Das Auge eines Korrektors/einer Korrektorin ist dennoch nicht überflüssig.<br />
Buch-PR ist ein wichtiges EXTRA:  Ich helfe beim Verfassen von Klappentexten, Waschzetteln u. a.</div>
<div></div>
<div class="buchbox"><strong>Pressemitteilungen (nur Text):</strong></div>
<div></div>
<div class="buchbox">Der Preis hängt von dem Material ab, das zur Verfügung steht, und bewegt sich zwischen 200 und 240 €.</div>
<div></div>
<div class="buchbox">
<p><strong>Biografie</strong> &#8211;  Jede/r geht anders vor:</p>
<ul style="list-style-type: circle;">
<li>einzelne Lebensskizzen / Erinnerungen aufzeichnen (Tonband) und später entscheiden, was wegzulassen ist und welche Zusatzrecherchen zur Abrundung nötig sind.</li>
<li>oder lediglich drei oder vier Kapitel pro Jahr erarbeiten (wachsende Memoiren)</li>
<li>Alles von A bis Z – egal, ob es 13 oder 31 Kapitel werden.</li>
</ul>
<p><strong>Sachbücher:</strong></p>
<p>Sie entstehen gleichermaßen nach individuellen Wünschen und Voraussetzungen.</p>
<p><strong>Schreib-Coaching, Manuskriptberatung, kleine Online-Gruppen:</strong></p>
<p><span style="font-weight: 400;">Als Schreibwerkstättenleiterin habe ich schon manchen inneren Zensor in Urlaub geschickt, damit sich der Schreibfluss frei und freudvoll entfalten kann. Das Honorar wird individuell vereinbart.</span></p>
<p>Am besten wir sprechen schnellstmöglich über Ihre Wünsche!<br />
Rufen Sie an &gt; 0711/363 363 oder schreiben Sie eine Mail (<a class="ci-mail" title="info@memoreporting.com" href="mailto:info@memoreporting.com">info@memoreporting.com</a>)</p>
<p><strong>Mindest-Auftragswert: 35 € </strong></p>
</div>

<p>Alle Aufträge werden schriftlich fixiert. Lektorat: Der Preis variiert nach Aufwand und beginnt bei 4,40 € pro Normseite (1500 Zeichen incl. Leerzeichen). Ebenso kann nach Stunden (50 €/Std.) abgerechnet werden. Oder wir vereinbaren eine Pauschale. Wenn ich die ersten zehn Seiten Ihres Manuskripts durchgesehen habe, erstelle ich ein Angebot (vier Wochen gültig). Die vertragliche Vereinbarung [&hellip;]</p>
